{"id":9,"date":"2024-06-14T09:41:29","date_gmt":"2024-06-14T07:41:29","guid":{"rendered":"http:\/\/www.esig-djibouti.com\/?page_id=9"},"modified":"2024-06-14T13:03:53","modified_gmt":"2024-06-14T11:03:53","slug":"a-propos","status":"publish","type":"page","link":"https:\/\/www.esig-djibouti.com\/index.php\/a-propos\/","title":{"rendered":"A PROPOS"},"content":{"rendered":"\t\t<div data-elementor-type=\"wp-page\" data-elementor-id=\"9\" class=\"elementor elementor-9\">\n\t\t\t\t\t\t<section class=\"elementor-section elementor-top-section elementor-element elementor-element-c306e75 elementor-section-full_width elementor-section-height-min-height elementor-section-height-default elementor-section-items-middle\" data-id=\"c306e75\" data-element_type=\"section\" data-settings=\"{&quot;background_background&quot;:&quot;classic&quot;}\">\n\t\t\t\t\t\t<div class=\"elementor-container elementor-column-gap-no\">\n\t\t\t\t\t<div class=\"elementor-column elementor-col-100 elementor-top-column elementor-element elementor-element-347da28\" data-id=\"347da28\" data-element_type=\"column\">\n\t\t\t<div class=\"elementor-widget-wrap elementor-element-populated\">\n\t\t\t\t\t\t<div class=\"elementor-element elementor-element-6edcba0 elementor-widget elementor-widget-heading\" data-id=\"6edcba0\" data-element_type=\"widget\" data-widget_type=\"heading.default\">\n\t\t\t\t<div class=\"elementor-widget-container\">\n\t\t\t<style>\/*! elementor - v3.21.0 - 26-05-2024 *\/\n.elementor-heading-title{padding:0;margin:0;line-height:1}.elementor-widget-heading .elementor-heading-title[class*=elementor-size-]>a{color:inherit;font-size:inherit;line-height:inherit}.elementor-widget-heading .elementor-heading-title.elementor-size-small{font-size:15px}.elementor-widget-heading .elementor-heading-title.elementor-size-medium{font-size:19px}.elementor-widget-heading .elementor-heading-title.elementor-size-large{font-size:29px}.elementor-widget-heading .elementor-heading-title.elementor-size-xl{font-size:39px}.elementor-widget-heading .elementor-heading-title.elementor-size-xxl{font-size:59px}<\/style><h2 class=\"elementor-heading-title elementor-size-default\">A PROPOS<\/h2>\t\t<\/div>\n\t\t\t\t<\/div>\n\t\t\t\t\t<\/div>\n\t\t<\/div>\n\t\t\t\t\t<\/div>\n\t\t<\/section>\n\t\t\t\t<section class=\"elementor-section elementor-top-section elementor-element elementor-element-5d5bede elementor-section-full_width elementor-section-height-default elementor-section-height-default\" data-id=\"5d5bede\" data-element_type=\"section\">\n\t\t\t\t\t\t<div class=\"elementor-container elementor-column-gap-no\">\n\t\t\t\t\t<div class=\"elementor-column elementor-col-100 elementor-top-column elementor-element elementor-element-82763fd\" data-id=\"82763fd\" data-element_type=\"column\">\n\t\t\t<div class=\"elementor-widget-wrap elementor-element-populated\">\n\t\t\t\t\t\t<div class=\"elementor-element elementor-element-6474881 elementor-widget elementor-widget-heading\" data-id=\"6474881\" data-element_type=\"widget\" data-widget_type=\"heading.default\">\n\t\t\t\t<div class=\"elementor-widget-container\">\n\t\t\t<h2 class=\"elementor-heading-title elementor-size-default\">Pr\u00e9sentation de l\u2019ESIG<\/h2>\t\t<\/div>\n\t\t\t\t<\/div>\n\t\t\t\t<div class=\"elementor-element elementor-element-4f18640 elementor-widget elementor-widget-text-editor\" data-id=\"4f18640\" data-element_type=\"widget\" data-widget_type=\"text-editor.default\">\n\t\t\t\t<div class=\"elementor-widget-container\">\n\t\t\t<style>\/*! elementor - v3.21.0 - 26-05-2024 *\/\n.elementor-widget-text-editor.elementor-drop-cap-view-stacked .elementor-drop-cap{background-color:#69727d;color:#fff}.elementor-widget-text-editor.elementor-drop-cap-view-framed .elementor-drop-cap{color:#69727d;border:3px solid;background-color:transparent}.elementor-widget-text-editor:not(.elementor-drop-cap-view-default) .elementor-drop-cap{margin-top:8px}.elementor-widget-text-editor:not(.elementor-drop-cap-view-default) .elementor-drop-cap-letter{width:1em;height:1em}.elementor-widget-text-editor .elementor-drop-cap{float:left;text-align:center;line-height:1;font-size:50px}.elementor-widget-text-editor .elementor-drop-cap-letter{display:inline-block}<\/style>\t\t\t\tL\u2019Ecole Sup\u00e9rieure d\u2019Ing\u00e9nieure et de Gestion est une nouvelle \u00e9cole cr\u00e9er en Janvier 2021 dont le si\u00e8ge social se situe \u00e0 Maka-Moukarama (juste derri\u00e8re le grand march\u00e9 Riyad).<br><br>Notre Ecole a obtenu l\u2019agrement en Septembre 2021 sous le num\u00e9ro 246\/021\/CA3\/MENSUR du 16 Septembre 2021.<br><br>L\u2019ESIG offre des Formations \u00e0 Distance en Partenariat avec EMD S\u00e9n\u00e9gal (Ecole de Management de Dakar).\nL\u2019objectif principal de notre \u00e9cole est de former des cadres sup\u00e9rieurs de tr\u00e8s haut niveau en Ing\u00e9nierie et en Management, pr\u00eats \u00e0 assumer les responsabilit\u00e9s les plus diversifi\u00e9es dans l\u2019entreprise.<br><br>L\u2019ESIG permet \u00e0 ses \u00e9tudiants d\u2019acqu\u00e9rir toutes les comp\u00e9tences r\u00e9pondant aux innovations technologiques et aux enjeux manag\u00e9riaux, tout en d\u00e9veloppant les aptitudes relationnelles et un r\u00e9el esprit entrepreneurial.\t\t\t\t\t\t<\/div>\n\t\t\t\t<\/div>\n\t\t\t\t\t<\/div>\n\t\t<\/div>\n\t\t\t\t\t<\/div>\n\t\t<\/section>\n\t\t\t\t<section class=\"elementor-section elementor-top-section elementor-element elementor-element-837fd87 elementor-section-full_width elementor-section-height-default elementor-section-height-default\" data-id=\"837fd87\" data-element_type=\"section\" data-settings=\"{&quot;background_background&quot;:&quot;classic&quot;}\">\n\t\t\t\t\t\t<div class=\"elementor-container elementor-column-gap-no\">\n\t\t\t\t\t<div class=\"elementor-column elementor-col-100 elementor-top-column elementor-element elementor-element-ea88f76\" data-id=\"ea88f76\" data-element_type=\"column\">\n\t\t\t<div class=\"elementor-widget-wrap elementor-element-populated\">\n\t\t\t\t\t\t<div class=\"elementor-element elementor-element-41a9549 elementor-widget elementor-widget-heading\" data-id=\"41a9549\" data-element_type=\"widget\" data-widget_type=\"heading.default\">\n\t\t\t\t<div class=\"elementor-widget-container\">\n\t\t\t<h2 class=\"elementor-heading-title elementor-size-default\">Besoin d\u2019une information<\/h2>\t\t<\/div>\n\t\t\t\t<\/div>\n\t\t\t\t<div class=\"elementor-element elementor-element-5af202d elementor-widget elementor-widget-text-editor\" data-id=\"5af202d\" data-element_type=\"widget\" data-widget_type=\"text-editor.default\">\n\t\t\t\t<div class=\"elementor-widget-container\">\n\t\t\t\t\t\t\tDemande de documentation. Candidature &#038; JPO\t\t\t\t\t\t<\/div>\n\t\t\t\t<\/div>\n\t\t\t\t<section class=\"elementor-section elementor-inner-section elementor-element elementor-element-7991a09 elementor-section-full_width elementor-section-height-default elementor-section-height-default\" data-id=\"7991a09\" data-element_type=\"section\">\n\t\t\t\t\t\t<div class=\"elementor-container elementor-column-gap-no\">\n\t\t\t\t\t<div class=\"elementor-column elementor-col-33 elementor-inner-column elementor-element elementor-element-767cb18\" data-id=\"767cb18\" data-element_type=\"column\" data-settings=\"{&quot;background_background&quot;:&quot;classic&quot;}\">\n\t\t\t<div class=\"elementor-widget-wrap elementor-element-populated\">\n\t\t\t\t\t\t<div class=\"elementor-element elementor-element-90e8449 elementor-position-top elementor-widget elementor-widget-image-box\" data-id=\"90e8449\" data-element_type=\"widget\" data-widget_type=\"image-box.default\">\n\t\t\t\t<div class=\"elementor-widget-container\">\n\t\t\t<style>\/*! elementor - v3.21.0 - 26-05-2024 *\/\n.elementor-widget-image-box .elementor-image-box-content{width:100%}@media (min-width:768px){.elementor-widget-image-box.elementor-position-left .elementor-image-box-wrapper,.elementor-widget-image-box.elementor-position-right .elementor-image-box-wrapper{display:flex}.elementor-widget-image-box.elementor-position-right .elementor-image-box-wrapper{text-align:end;flex-direction:row-reverse}.elementor-widget-image-box.elementor-position-left .elementor-image-box-wrapper{text-align:start;flex-direction:row}.elementor-widget-image-box.elementor-position-top .elementor-image-box-img{margin:auto}.elementor-widget-image-box.elementor-vertical-align-top .elementor-image-box-wrapper{align-items:flex-start}.elementor-widget-image-box.elementor-vertical-align-middle .elementor-image-box-wrapper{align-items:center}.elementor-widget-image-box.elementor-vertical-align-bottom .elementor-image-box-wrapper{align-items:flex-end}}@media (max-width:767px){.elementor-widget-image-box .elementor-image-box-img{margin-left:auto!important;margin-right:auto!important;margin-bottom:15px}}.elementor-widget-image-box .elementor-image-box-img{display:inline-block}.elementor-widget-image-box .elementor-image-box-title a{color:inherit}.elementor-widget-image-box .elementor-image-box-wrapper{text-align:center}.elementor-widget-image-box .elementor-image-box-description{margin:0}<\/style><div class=\"elementor-image-box-wrapper\"><figure class=\"elementor-image-box-img\"><a href=\"http:\/\/www.esig-djibouti.com\/index.php\/contact\/\" tabindex=\"-1\"><img fetchpriority=\"high\" decoding=\"async\" width=\"512\" height=\"512\" src=\"https:\/\/www.esig-djibouti.com\/wp-content\/uploads\/2024\/06\/document.png\" class=\"attachment-full size-full wp-image-45\" alt=\"\" srcset=\"https:\/\/www.esig-djibouti.com\/wp-content\/uploads\/2024\/06\/document.png 512w, https:\/\/www.esig-djibouti.com\/wp-content\/uploads\/2024\/06\/document-300x300.png 300w, https:\/\/www.esig-djibouti.com\/wp-content\/uploads\/2024\/06\/document-150x150.png 150w\" sizes=\"(max-width: 512px) 100vw, 512px\" \/><\/a><\/figure><div class=\"elementor-image-box-content\"><h3 class=\"elementor-image-box-title\"><a href=\"http:\/\/www.esig-djibouti.com\/index.php\/contact\/\">Demande de documentation<\/a><\/h3><\/div><\/div>\t\t<\/div>\n\t\t\t\t<\/div>\n\t\t\t\t\t<\/div>\n\t\t<\/div>\n\t\t\t\t<div class=\"elementor-column elementor-col-33 elementor-inner-column elementor-element elementor-element-b651290\" data-id=\"b651290\" data-element_type=\"column\" data-settings=\"{&quot;background_background&quot;:&quot;classic&quot;}\">\n\t\t\t<div class=\"elementor-widget-wrap elementor-element-populated\">\n\t\t\t\t\t\t<div class=\"elementor-element elementor-element-5b9a3e2 elementor-position-top elementor-widget elementor-widget-image-box\" data-id=\"5b9a3e2\" data-element_type=\"widget\" data-widget_type=\"image-box.default\">\n\t\t\t\t<div class=\"elementor-widget-container\">\n\t\t\t<div class=\"elementor-image-box-wrapper\"><figure class=\"elementor-image-box-img\"><a href=\"http:\/\/www.esig-djibouti.com\/index.php\/inscription\/\" tabindex=\"-1\"><img decoding=\"async\" width=\"512\" height=\"512\" src=\"https:\/\/www.esig-djibouti.com\/wp-content\/uploads\/2024\/06\/add-friend.png\" class=\"attachment-full size-full wp-image-39\" alt=\"\" srcset=\"https:\/\/www.esig-djibouti.com\/wp-content\/uploads\/2024\/06\/add-friend.png 512w, https:\/\/www.esig-djibouti.com\/wp-content\/uploads\/2024\/06\/add-friend-300x300.png 300w, https:\/\/www.esig-djibouti.com\/wp-content\/uploads\/2024\/06\/add-friend-150x150.png 150w\" sizes=\"(max-width: 512px) 100vw, 512px\" \/><\/a><\/figure><div class=\"elementor-image-box-content\"><h3 class=\"elementor-image-box-title\"><a href=\"http:\/\/www.esig-djibouti.com\/index.php\/inscription\/\">D\u00e9poser une candidature<\/a><\/h3><\/div><\/div>\t\t<\/div>\n\t\t\t\t<\/div>\n\t\t\t\t\t<\/div>\n\t\t<\/div>\n\t\t\t\t<div class=\"elementor-column elementor-col-33 elementor-inner-column elementor-element elementor-element-fb0fcc5\" data-id=\"fb0fcc5\" data-element_type=\"column\" data-settings=\"{&quot;background_background&quot;:&quot;classic&quot;}\">\n\t\t\t<div class=\"elementor-widget-wrap elementor-element-populated\">\n\t\t\t\t\t\t<div class=\"elementor-element elementor-element-2f4ca45 elementor-position-top elementor-widget elementor-widget-image-box\" data-id=\"2f4ca45\" data-element_type=\"widget\" data-widget_type=\"image-box.default\">\n\t\t\t\t<div class=\"elementor-widget-container\">\n\t\t\t<div class=\"elementor-image-box-wrapper\"><figure class=\"elementor-image-box-img\"><a href=\"http:\/\/www.esig-djibouti.com\/index.php\/contact\/\" tabindex=\"-1\"><img decoding=\"async\" width=\"512\" height=\"512\" src=\"https:\/\/www.esig-djibouti.com\/wp-content\/uploads\/2024\/06\/graduation-hat.png\" class=\"attachment-full size-full wp-image-47\" alt=\"\" srcset=\"https:\/\/www.esig-djibouti.com\/wp-content\/uploads\/2024\/06\/graduation-hat.png 512w, https:\/\/www.esig-djibouti.com\/wp-content\/uploads\/2024\/06\/graduation-hat-300x300.png 300w, https:\/\/www.esig-djibouti.com\/wp-content\/uploads\/2024\/06\/graduation-hat-150x150.png 150w\" sizes=\"(max-width: 512px) 100vw, 512px\" \/><\/a><\/figure><div class=\"elementor-image-box-content\"><h3 class=\"elementor-image-box-title\"><a href=\"http:\/\/www.esig-djibouti.com\/index.php\/contact\/\">Les informations sur les JPO<\/a><\/h3><\/div><\/div>\t\t<\/div>\n\t\t\t\t<\/div>\n\t\t\t\t\t<\/div>\n\t\t<\/div>\n\t\t\t\t\t<\/div>\n\t\t<\/section>\n\t\t\t\t\t<\/div>\n\t\t<\/div>\n\t\t\t\t\t<\/div>\n\t\t<\/section>\n\t\t\t\t<section class=\"elementor-section elementor-top-section elementor-element elementor-element-b40819b elementor-section-full_width elementor-section-height-default elementor-section-height-default\" data-id=\"b40819b\" data-element_type=\"section\">\n\t\t\t\t\t\t<div class=\"elementor-container elementor-column-gap-no\">\n\t\t\t\t\t<div class=\"elementor-column elementor-col-100 elementor-top-column elementor-element elementor-element-dc358b5\" data-id=\"dc358b5\" data-element_type=\"column\">\n\t\t\t<div class=\"elementor-widget-wrap elementor-element-populated\">\n\t\t\t\t\t\t<div class=\"elementor-element elementor-element-92926c2 elementor-widget elementor-widget-heading\" data-id=\"92926c2\" data-element_type=\"widget\" data-widget_type=\"heading.default\">\n\t\t\t\t<div class=\"elementor-widget-container\">\n\t\t\t<h2 class=\"elementor-heading-title elementor-size-default\">Agr\u00e9ments<\/h2>\t\t<\/div>\n\t\t\t\t<\/div>\n\t\t\t\t<section class=\"elementor-section elementor-inner-section elementor-element elementor-element-7745ea7 elementor-section-full_width elementor-section-height-default elementor-section-height-default\" data-id=\"7745ea7\" data-element_type=\"section\">\n\t\t\t\t\t\t<div class=\"elementor-container elementor-column-gap-no\">\n\t\t\t\t\t<div class=\"elementor-column elementor-col-50 elementor-inner-column elementor-element elementor-element-7918859\" data-id=\"7918859\" data-element_type=\"column\">\n\t\t\t<div class=\"elementor-widget-wrap elementor-element-populated\">\n\t\t\t\t\t\t<div class=\"elementor-element elementor-element-812ffda elementor-widget elementor-widget-heading\" data-id=\"812ffda\" data-element_type=\"widget\" data-widget_type=\"heading.default\">\n\t\t\t\t<div class=\"elementor-widget-container\">\n\t\t\t<h2 class=\"elementor-heading-title elementor-size-default\">Agr\u00e9ments EMD Dakar<\/h2>\t\t<\/div>\n\t\t\t\t<\/div>\n\t\t\t\t<div class=\"elementor-element elementor-element-74cc2af elementor-widget__width-initial elementor-widget elementor-widget-text-editor\" data-id=\"74cc2af\" data-element_type=\"widget\" data-widget_type=\"text-editor.default\">\n\t\t\t\t<div class=\"elementor-widget-container\">\n\t\t\t\t\t\t\tAgr\u00e9ment d\u00e9finitif de l&#8217;\u00c9cole Sup\u00e9rieure Internationale Priv\u00e9e de Dakar.\u00a0ESIG poss\u00e8de un agr\u00e9ment d\u00e9finitif de l&#8217;\u00c9cole Sup\u00e9rieure Internationale Priv\u00e9e (Acad\u00e9mie SHERBROOKE) de Dakar.\u00a0Cet agr\u00e9ment atteste de la qualit\u00e9 des formations mises en \u0153uvre par l\u2019ESIG.\u00a0L&#8217;agr\u00e9ment a \u00e9t\u00e9 d\u00e9livr\u00e9e par le Minist\u00e8re de l&#8217;Enseignement sup\u00e9rieur et de la Recherche.\u00a0D\u00e9marche exigeante, l&#8217;agr\u00e9ment\u00a0t\u00e9moigne de l\u2019investissement constant\u00a0et rigoureux d&#8217;ESIG aupr\u00e8s de nos \u00e9tudiants et partenaires, afin d\u2019assurer une mont\u00e9e en comp\u00e9tences performante et une employabilit\u00e9 durable.\t\t\t\t\t\t<\/div>\n\t\t\t\t<\/div>\n\t\t\t\t\t<\/div>\n\t\t<\/div>\n\t\t\t\t<div class=\"elementor-column elementor-col-50 elementor-inner-column elementor-element elementor-element-b12bfb8\" data-id=\"b12bfb8\" data-element_type=\"column\">\n\t\t\t<div class=\"elementor-widget-wrap elementor-element-populated\">\n\t\t\t\t\t\t<div class=\"elementor-element elementor-element-0e5cc92 elementor-widget elementor-widget-heading\" data-id=\"0e5cc92\" data-element_type=\"widget\" data-widget_type=\"heading.default\">\n\t\t\t\t<div class=\"elementor-widget-container\">\n\t\t\t<h2 class=\"elementor-heading-title elementor-size-default\">Agr\u00e9ments ESIG Djibouti<\/h2>\t\t<\/div>\n\t\t\t\t<\/div>\n\t\t\t\t<div class=\"elementor-element elementor-element-6ed0a61 elementor-widget elementor-widget-text-editor\" data-id=\"6ed0a61\" data-element_type=\"widget\" data-widget_type=\"text-editor.default\">\n\t\t\t\t<div class=\"elementor-widget-container\">\n\t\t\t\t\t\t\t<p>Agr\u00e9ment d\u00e9finitif de l&#8217;\u00c9cole Sup\u00e9rieure Internationale Priv\u00e9e de Dakar. ESIG poss\u00e8de un agr\u00e9ment d\u00e9finitif du Minist\u00e8re de l&#8217;enseignement Sup\u00e9rieur et de la Recherche de Djibouti.<\/p>\t\t\t\t\t\t<\/div>\n\t\t\t\t<\/div>\n\t\t\t\t\t<\/div>\n\t\t<\/div>\n\t\t\t\t\t<\/div>\n\t\t<\/section>\n\t\t\t\t\t<\/div>\n\t\t<\/div>\n\t\t\t\t\t<\/div>\n\t\t<\/section>\n\t\t\t\t<section class=\"elementor-section elementor-top-section elementor-element elementor-element-418906d0 elementor-section-full_width elementor-section-height-default elementor-section-height-default\" data-id=\"418906d0\" data-element_type=\"section\" data-settings=\"{&quot;background_background&quot;:&quot;classic&quot;}\">\n\t\t\t\t\t\t<div class=\"elementor-container elementor-column-gap-no\">\n\t\t\t\t\t<div class=\"elementor-column elementor-col-100 elementor-top-column elementor-element elementor-element-7ab1ac60\" data-id=\"7ab1ac60\" data-element_type=\"column\">\n\t\t\t<div class=\"elementor-widget-wrap elementor-element-populated\">\n\t\t\t\t\t\t<div class=\"elementor-element elementor-element-7ccdae80 elementor-widget elementor-widget-text-editor\" data-id=\"7ccdae80\" data-element_type=\"widget\" data-widget_type=\"text-editor.default\">\n\t\t\t\t<div class=\"elementor-widget-container\">\n\t\t\t\t\t\t\t\u00a9 2024 esig-djibouti.com \u2013 By Team AltraVia \u2013 TOUS DROITS R\u00c9SERV\u00c9S\t\t\t\t\t\t<\/div>\n\t\t\t\t<\/div>\n\t\t\t\t\t<\/div>\n\t\t<\/div>\n\t\t\t\t\t<\/div>\n\t\t<\/section>\n\t\t\t\t<\/div>\n\t\t","protected":false},"excerpt":{"rendered":"<p>A PROPOS Pr\u00e9sentation de l\u2019ESIG L\u2019Ecole Sup\u00e9rieure d\u2019Ing\u00e9nieure et de Gestion est une nouvelle \u00e9cole cr\u00e9er en Janvier 2021 dont le si\u00e8ge social se situe \u00e0 Maka-Moukarama (juste derri\u00e8re le grand march\u00e9 Riyad). Notre Ecole a obtenu l\u2019agrement en Septembre 2021 sous le num\u00e9ro 246\/021\/CA3\/MENSUR du 16 Septembre 2021. L\u2019ESIG [&hellip;]<\/p>\n","protected":false},"author":1,"featured_media":0,"parent":0,"menu_order":2,"comment_status":"closed","ping_status":"closed","template":"elementor_header_footer","meta":{"footnotes":""},"class_list":["post-9","page","type-page","status-publish","hentry"],"_links":{"self":[{"href":"https:\/\/www.esig-djibouti.com\/index.php\/wp-json\/wp\/v2\/pages\/9","targetHints":{"allow":["GET"]}}],"collection":[{"href":"https:\/\/www.esig-djibouti.com\/index.php\/wp-json\/wp\/v2\/pages"}],"about":[{"href":"https:\/\/www.esig-djibouti.com\/index.php\/wp-json\/wp\/v2\/types\/page"}],"author":[{"embeddable":true,"href":"https:\/\/www.esig-djibouti.com\/index.php\/wp-json\/wp\/v2\/users\/1"}],"replies":[{"embeddable":true,"href":"https:\/\/www.esig-djibouti.com\/index.php\/wp-json\/wp\/v2\/comments?post=9"}],"version-history":[{"count":50,"href":"https:\/\/www.esig-djibouti.com\/index.php\/wp-json\/wp\/v2\/pages\/9\/revisions"}],"predecessor-version":[{"id":240,"href":"https:\/\/www.esig-djibouti.com\/index.php\/wp-json\/wp\/v2\/pages\/9\/revisions\/240"}],"wp:attachment":[{"href":"https:\/\/www.esig-djibouti.com\/index.php\/wp-json\/wp\/v2\/media?parent=9"}],"curies":[{"name":"wp","href":"https:\/\/api.w.org\/{rel}","templated":true}]}}